{"id":3423,"date":"2023-08-11T10:21:03","date_gmt":"2023-08-11T08:21:03","guid":{"rendered":"https:\/\/comunus.ch\/datenschutzrichtlinie\/"},"modified":"2025-12-05T14:19:00","modified_gmt":"2025-12-05T13:19:00","slug":"datenschutzrichtlinie","status":"publish","type":"page","link":"https:\/\/comunus.ch\/de\/datenschutzrichtlinie\/","title":{"rendered":"Datenschutzrichtlinie"},"content":{"rendered":"\n<h3 class=\"wp-block-heading\">Erkl\u00e4rung zum Datenschutz<\/h3>\n\n<p>Der Schutz Ihrer pers\u00f6nlichen Daten ist f\u00fcr Comunus sehr wichtig. Ihre Daten werden in \u00dcbereinstimmung mit den geltenden gesetzlichen Bestimmungen behandelt.<\/p>\n\n<p>Personenbezogene Daten sind definiert als alle Informationen, die zur Identifizierung einer nat\u00fcrlichen Person verwendet werden k\u00f6nnen, wie z. B. Name, E-Mail-Adresse oder IP-Adresse.<\/p>\n\n<h3 class=\"wp-block-heading\">Welche personenbezogenen Daten werden von uns verarbeitet?<\/h3>\n\n<p>Die Nutzung unserer Website ist ohne Angabe von personenbezogenen Daten m\u00f6glich. Wenn Sie unsere Website nutzen, wird lediglich ein Cookie f\u00fcr die Navigationsleistung verwendet.<\/p>\n\n<p>Wenn Sie unser Kontaktformular ausf\u00fcllen und\/oder uns eine E-Mail senden, werden Ihre Angaben aus dem Formular inklusive der von Ihnen dort angegebenen Kontaktdaten zwecks Bearbeitung der Anfrage bei uns gespeichert.<\/p>\n\n<p>Wir treffen angemessene Sicherheits- und Organisationsma\u00dfnahmen, um sie vor unbefugtem Zugriff, unbefugter Nutzung und Offenlegung zu sch\u00fctzen. Die von uns verarbeiteten personenbezogenen Daten sind sicher und der Zugang zu ihnen ist auf diejenigen beschr\u00e4nkt, die sie ben\u00f6tigen.<\/p>\n\n<h3 class=\"wp-block-heading\">Zu welchen Zwecken werden die personenbezogenen Daten verarbeitet?<\/h3>\n\n<p>Die Daten werden verwendet, damit wir als Reaktion auf Ihre Anfrage mit Ihnen kommunizieren und alle legitimen Ma\u00dfnahmen aufgrund dieser Anfrage durchf\u00fchren k\u00f6nnen.<\/p>\n\n<h3 class=\"wp-block-heading\">An wen kann man sich wenden, um Ausk\u00fcnfte \u00fcber die Datenverarbeitung zu erhalten, und wo kann man seine Rechte geltend machen (z. B. Zugang, Berichtigung, L\u00f6schung, Widerspruch, \u00dcbertragbarkeit)<strong>?<\/strong><\/h3>\n\n<p>Wenn Sie Ihre Rechte aus\u00fcben m\u00f6chten, k\u00f6nnen Sie sich mit uns in Verbindung setzen, indem Sie eine schriftliche Anfrage an die folgende Adresse senden: <strong>Comunus SICAV, Rue de Lausanne 1, 1800 Vevey &#8211; Schweiz <\/strong>oder per Email an <a href=\"mailto:info@comunus.ch\">info@comunus.ch<\/a> und in einem unterschriebenen Brief an uns.<\/p>\n\n<h3 class=\"wp-block-heading\">Welche Daten werden an Dritte weitergegeben und zu welchem Zweck?<\/h3>\n\n<p>Ihre Daten werden nicht an Dritte weitergegeben.<\/p>\n\n<h3 class=\"wp-block-heading\">Wie lange werden die Daten gespeichert?<\/h3>\n\n<p>Die Daten werden nur so lange gespeichert, wie es notwendig ist, um Ihre Anfrage zu beantworten. Die Daten werden nur so lange gespeichert, wie es notwendig ist, um Ihre Anfrage zu beantworten. Sie werden regelm\u00e4\u00dfig \u00fcberpr\u00fcft und, wenn sie f\u00fcr legitime Gesch\u00e4ftszwecke nicht mehr ben\u00f6tigt werden, aus unseren Dateien gel\u00f6scht. Sie haben jederzeit das Recht, diese Daten einzusehen, zu \u00e4ndern oder zu l\u00f6schen, indem Sie sich \u00fcber das gleiche Formular &#8222;Kontakt&#8220; an uns wenden.<\/p>\n","protected":false},"excerpt":{"rendered":"<p>Erkl\u00e4rung zum Datenschutz Der Schutz Ihrer pers\u00f6nlichen Daten ist f\u00fcr Comunus sehr wichtig. Ihre Daten werden in \u00dcbereinstimmung mit den [&hellip;]<\/p>\n","protected":false},"author":1,"featured_media":0,"parent":0,"menu_order":0,"comment_status":"closed","ping_status":"closed","template":"","meta":{"_acf_changed":false,"footnotes":""},"class_list":["post-3423","page","type-page","status-publish","hentry"],"acf":[],"yoast_head":"<!-- This site is optimized with the Yoast SEO plugin v27.4 - https:\/\/yoast.com\/product\/yoast-seo-wordpress\/ -->\n<title>Datenschutzrichtlinie - Comunus<\/title>\n<meta name=\"robots\" content=\"index, follow, max-snippet:-1, max-image-preview:large, max-video-preview:-1\" \/>\n<link rel=\"canonical\" href=\"https:\/\/comunus.ch\/de\/datenschutzrichtlinie\/\" \/>\n<meta property=\"og:locale\" content=\"de_DE\" \/>\n<meta property=\"og:type\" content=\"article\" \/>\n<meta property=\"og:title\" content=\"Datenschutzrichtlinie - Comunus\" \/>\n<meta property=\"og:description\" content=\"Erkl\u00e4rung zum Datenschutz Der Schutz Ihrer pers\u00f6nlichen Daten ist f\u00fcr Comunus sehr wichtig. Ihre Daten werden in \u00dcbereinstimmung mit den [&hellip;]\" \/>\n<meta property=\"og:url\" content=\"https:\/\/comunus.ch\/de\/datenschutzrichtlinie\/\" \/>\n<meta property=\"og:site_name\" content=\"Comunus\" \/>\n<meta property=\"article:modified_time\" content=\"2025-12-05T13:19:00+00:00\" \/>\n<meta property=\"og:image\" content=\"https:\/\/comunus.ch\/wp-content\/uploads\/2023\/09\/DSC07949_Ret.jpg\" \/>\n\t<meta property=\"og:image:width\" content=\"1497\" \/>\n\t<meta property=\"og:image:height\" content=\"1000\" \/>\n\t<meta property=\"og:image:type\" content=\"image\/jpeg\" \/>\n<meta name=\"twitter:card\" content=\"summary_large_image\" \/>\n<meta name=\"twitter:label1\" content=\"Gesch\u00e4tzte Lesezeit\" \/>\n\t<meta name=\"twitter:data1\" content=\"2\u00a0Minuten\" \/>\n<script type=\"application\/ld+json\" class=\"yoast-schema-graph\">{\"@context\":\"https:\\\/\\\/schema.org\",\"@graph\":[{\"@type\":\"WebPage\",\"@id\":\"https:\\\/\\\/comunus.ch\\\/de\\\/datenschutzrichtlinie\\\/\",\"url\":\"https:\\\/\\\/comunus.ch\\\/de\\\/datenschutzrichtlinie\\\/\",\"name\":\"Datenschutzrichtlinie - Comunus\",\"isPartOf\":{\"@id\":\"https:\\\/\\\/comunus.ch\\\/#website\"},\"datePublished\":\"2023-08-11T08:21:03+00:00\",\"dateModified\":\"2025-12-05T13:19:00+00:00\",\"breadcrumb\":{\"@id\":\"https:\\\/\\\/comunus.ch\\\/de\\\/datenschutzrichtlinie\\\/#breadcrumb\"},\"inLanguage\":\"de\",\"potentialAction\":[{\"@type\":\"ReadAction\",\"target\":[\"https:\\\/\\\/comunus.ch\\\/de\\\/datenschutzrichtlinie\\\/\"]}]},{\"@type\":\"BreadcrumbList\",\"@id\":\"https:\\\/\\\/comunus.ch\\\/de\\\/datenschutzrichtlinie\\\/#breadcrumb\",\"itemListElement\":[{\"@type\":\"ListItem\",\"position\":1,\"name\":\"Home\",\"item\":\"https:\\\/\\\/comunus.ch\\\/de\\\/\"},{\"@type\":\"ListItem\",\"position\":2,\"name\":\"Datenschutzrichtlinie\"}]},{\"@type\":\"WebSite\",\"@id\":\"https:\\\/\\\/comunus.ch\\\/#website\",\"url\":\"https:\\\/\\\/comunus.ch\\\/\",\"name\":\"Comunus\",\"description\":\"Fonds pour investisseurs qualifi\u00e9s\",\"publisher\":{\"@id\":\"https:\\\/\\\/comunus.ch\\\/#organization\"},\"potentialAction\":[{\"@type\":\"SearchAction\",\"target\":{\"@type\":\"EntryPoint\",\"urlTemplate\":\"https:\\\/\\\/comunus.ch\\\/?s={search_term_string}\"},\"query-input\":{\"@type\":\"PropertyValueSpecification\",\"valueRequired\":true,\"valueName\":\"search_term_string\"}}],\"inLanguage\":\"de\"},{\"@type\":\"Organization\",\"@id\":\"https:\\\/\\\/comunus.ch\\\/#organization\",\"name\":\"Comunus\",\"url\":\"https:\\\/\\\/comunus.ch\\\/\",\"logo\":{\"@type\":\"ImageObject\",\"inLanguage\":\"de\",\"@id\":\"https:\\\/\\\/comunus.ch\\\/#\\\/schema\\\/logo\\\/image\\\/\",\"url\":\"https:\\\/\\\/comunus.ch\\\/wp-content\\\/uploads\\\/2023\\\/07\\\/logo-comunus.svg\",\"contentUrl\":\"https:\\\/\\\/comunus.ch\\\/wp-content\\\/uploads\\\/2023\\\/07\\\/logo-comunus.svg\",\"width\":190,\"height\":26,\"caption\":\"Comunus\"},\"image\":{\"@id\":\"https:\\\/\\\/comunus.ch\\\/#\\\/schema\\\/logo\\\/image\\\/\"}}]}<\/script>\n<!-- \/ Yoast SEO plugin. -->","yoast_head_json":{"title":"Datenschutzrichtlinie - Comunus","robots":{"index":"index","follow":"follow","max-snippet":"max-snippet:-1","max-image-preview":"max-image-preview:large","max-video-preview":"max-video-preview:-1"},"canonical":"https:\/\/comunus.ch\/de\/datenschutzrichtlinie\/","og_locale":"de_DE","og_type":"article","og_title":"Datenschutzrichtlinie - Comunus","og_description":"Erkl\u00e4rung zum Datenschutz Der Schutz Ihrer pers\u00f6nlichen Daten ist f\u00fcr Comunus sehr wichtig. Ihre Daten werden in \u00dcbereinstimmung mit den [&hellip;]","og_url":"https:\/\/comunus.ch\/de\/datenschutzrichtlinie\/","og_site_name":"Comunus","article_modified_time":"2025-12-05T13:19:00+00:00","og_image":[{"width":1497,"height":1000,"url":"https:\/\/comunus.ch\/wp-content\/uploads\/2023\/09\/DSC07949_Ret.jpg","type":"image\/jpeg"}],"twitter_card":"summary_large_image","twitter_misc":{"Gesch\u00e4tzte Lesezeit":"2\u00a0Minuten"},"schema":{"@context":"https:\/\/schema.org","@graph":[{"@type":"WebPage","@id":"https:\/\/comunus.ch\/de\/datenschutzrichtlinie\/","url":"https:\/\/comunus.ch\/de\/datenschutzrichtlinie\/","name":"Datenschutzrichtlinie - Comunus","isPartOf":{"@id":"https:\/\/comunus.ch\/#website"},"datePublished":"2023-08-11T08:21:03+00:00","dateModified":"2025-12-05T13:19:00+00:00","breadcrumb":{"@id":"https:\/\/comunus.ch\/de\/datenschutzrichtlinie\/#breadcrumb"},"inLanguage":"de","potentialAction":[{"@type":"ReadAction","target":["https:\/\/comunus.ch\/de\/datenschutzrichtlinie\/"]}]},{"@type":"BreadcrumbList","@id":"https:\/\/comunus.ch\/de\/datenschutzrichtlinie\/#breadcrumb","itemListElement":[{"@type":"ListItem","position":1,"name":"Home","item":"https:\/\/comunus.ch\/de\/"},{"@type":"ListItem","position":2,"name":"Datenschutzrichtlinie"}]},{"@type":"WebSite","@id":"https:\/\/comunus.ch\/#website","url":"https:\/\/comunus.ch\/","name":"Comunus","description":"Fonds pour investisseurs qualifi\u00e9s","publisher":{"@id":"https:\/\/comunus.ch\/#organization"},"potentialAction":[{"@type":"SearchAction","target":{"@type":"EntryPoint","urlTemplate":"https:\/\/comunus.ch\/?s={search_term_string}"},"query-input":{"@type":"PropertyValueSpecification","valueRequired":true,"valueName":"search_term_string"}}],"inLanguage":"de"},{"@type":"Organization","@id":"https:\/\/comunus.ch\/#organization","name":"Comunus","url":"https:\/\/comunus.ch\/","logo":{"@type":"ImageObject","inLanguage":"de","@id":"https:\/\/comunus.ch\/#\/schema\/logo\/image\/","url":"https:\/\/comunus.ch\/wp-content\/uploads\/2023\/07\/logo-comunus.svg","contentUrl":"https:\/\/comunus.ch\/wp-content\/uploads\/2023\/07\/logo-comunus.svg","width":190,"height":26,"caption":"Comunus"},"image":{"@id":"https:\/\/comunus.ch\/#\/schema\/logo\/image\/"}}]}},"_links":{"self":[{"href":"https:\/\/comunus.ch\/de\/wp-json\/wp\/v2\/pages\/3423","targetHints":{"allow":["GET"]}}],"collection":[{"href":"https:\/\/comunus.ch\/de\/wp-json\/wp\/v2\/pages"}],"about":[{"href":"https:\/\/comunus.ch\/de\/wp-json\/wp\/v2\/types\/page"}],"author":[{"embeddable":true,"href":"https:\/\/comunus.ch\/de\/wp-json\/wp\/v2\/users\/1"}],"replies":[{"embeddable":true,"href":"https:\/\/comunus.ch\/de\/wp-json\/wp\/v2\/comments?post=3423"}],"version-history":[{"count":4,"href":"https:\/\/comunus.ch\/de\/wp-json\/wp\/v2\/pages\/3423\/revisions"}],"predecessor-version":[{"id":5146,"href":"https:\/\/comunus.ch\/de\/wp-json\/wp\/v2\/pages\/3423\/revisions\/5146"}],"wp:attachment":[{"href":"https:\/\/comunus.ch\/de\/wp-json\/wp\/v2\/media?parent=3423"}],"curies":[{"name":"wp","href":"https:\/\/api.w.org\/{rel}","templated":true}]}}

<h3 class="wp-block-heading">Erklärung zum Datenschutz</h3>

<p>Der Schutz Ihrer persönlichen Daten ist für Comunus sehr wichtig. Ihre Daten werden in Übereinstimmung mit den geltenden gesetzlichen Bestimmungen behandelt.</p>

<p>Personenbezogene Daten sind definiert als alle Informationen, die zur Identifizierung einer natürlichen Person verwendet werden können, wie z. B. Name, E-Mail-Adresse oder IP-Adresse.</p>

<h3 class="wp-block-heading">Welche personenbezogenen Daten werden von uns verarbeitet?</h3>

<p>Die Nutzung unserer Website ist ohne Angabe von personenbezogenen Daten möglich. Wenn Sie unsere Website nutzen, wird lediglich ein Cookie für die Navigationsleistung verwendet.</p>

<p>Wenn Sie unser Kontaktformular ausfüllen und/oder uns eine E-Mail senden, werden Ihre Angaben aus dem Formular inklusive der von Ihnen dort angegebenen Kontaktdaten zwecks Bearbeitung der Anfrage bei uns gespeichert.</p>

<p>Wir treffen angemessene Sicherheits- und Organisationsmaßnahmen, um sie vor unbefugtem Zugriff, unbefugter Nutzung und Offenlegung zu schützen. Die von uns verarbeiteten personenbezogenen Daten sind sicher und der Zugang zu ihnen ist auf diejenigen beschränkt, die sie benötigen.</p>

<h3 class="wp-block-heading">Zu welchen Zwecken werden die personenbezogenen Daten verarbeitet?</h3>

<p>Die Daten werden verwendet, damit wir als Reaktion auf Ihre Anfrage mit Ihnen kommunizieren und alle legitimen Maßnahmen aufgrund dieser Anfrage durchführen können.</p>

<h3 class="wp-block-heading">An wen kann man sich wenden, um Auskünfte über die Datenverarbeitung zu erhalten, und wo kann man seine Rechte geltend machen (z. B. Zugang, Berichtigung, Löschung, Widerspruch, Übertragbarkeit)<strong>?</strong></h3>

<p>Wenn Sie Ihre Rechte ausüben möchten, können Sie sich mit uns in Verbindung setzen, indem Sie eine schriftliche Anfrage an die folgende Adresse senden: <strong>Comunus SICAV, Rue de Lausanne 1, 1800 Vevey &#8211; Schweiz </strong>oder per Email an <a href="mailto:info@comunus.ch">info@comunus.ch</a> und in einem unterschriebenen Brief an uns.</p>

<h3 class="wp-block-heading">Welche Daten werden an Dritte weitergegeben und zu welchem Zweck?</h3>

<p>Ihre Daten werden nicht an Dritte weitergegeben.</p>

<h3 class="wp-block-heading">Wie lange werden die Daten gespeichert?</h3>

<p>Die Daten werden nur so lange gespeichert, wie es notwendig ist, um Ihre Anfrage zu beantworten. Die Daten werden nur so lange gespeichert, wie es notwendig ist, um Ihre Anfrage zu beantworten. Sie werden regelmäßig überprüft und, wenn sie für legitime Geschäftszwecke nicht mehr benötigt werden, aus unseren Dateien gelöscht. Sie haben jederzeit das Recht, diese Daten einzusehen, zu ändern oder zu löschen, indem Sie sich über das gleiche Formular &#8222;Kontakt&#8220; an uns wenden.</p>

<p>Erklärung zum Datenschutz Der Schutz Ihrer persönlichen Daten ist für Comunus sehr wichtig. Ihre Daten werden in Übereinstimmung mit den [&hellip;]</p>

<!-- This site is optimized with the Yoast SEO plugin v27.4 - https://yoast.com/product/yoast-seo-wordpress/ -->
<title>Datenschutzrichtlinie - Comunus</title>
<meta name="robots" content="index, follow, max-snippet:-1, max-image-preview:large, max-video-preview:-1" />
<link rel="canonical" href="https://comunus.ch/de/datenschutzrichtlinie/" />
<meta property="og:locale" content="de_DE" />
<meta property="og:type" content="article" />
<meta property="og:title" content="Datenschutzrichtlinie - Comunus" />
<meta property="og:description" content="Erklärung zum Datenschutz Der Schutz Ihrer persönlichen Daten ist für Comunus sehr wichtig. Ihre Daten werden in Übereinstimmung mit den [&hellip;]" />
<meta property="og:url" content="https://comunus.ch/de/datenschutzrichtlinie/" />
<meta property="og:site_name" content="Comunus" />
<meta property="article:modified_time" content="2025-12-05T13:19:00+00:00" />
<meta property="og:image" content="https://comunus.ch/wp-content/uploads/2023/09/DSC07949_Ret.jpg" />
	<meta property="og:image:width" content="1497" />
	<meta property="og:image:height" content="1000" />
	<meta property="og:image:type" content="image/jpeg" />
<meta name="twitter:card" content="summary_large_image" />
<meta name="twitter:label1" content="Geschätzte Lesezeit" />
	<meta name="twitter:data1" content="2 Minuten" />
<script type="application/ld+json" class="yoast-schema-graph">{"@context":"https:\/\/schema.org","@graph":[{"@type":"WebPage","@id":"https:\/\/comunus.ch\/de\/datenschutzrichtlinie\/","url":"https:\/\/comunus.ch\/de\/datenschutzrichtlinie\/","name":"Datenschutzrichtlinie - Comunus","isPartOf":{"@id":"https:\/\/comunus.ch\/#website"},"datePublished":"2023-08-11T08:21:03+00:00","dateModified":"2025-12-05T13:19:00+00:00","breadcrumb":{"@id":"https:\/\/comunus.ch\/de\/datenschutzrichtlinie\/#breadcrumb"},"inLanguage":"de","potentialAction":[{"@type":"ReadAction","target":["https:\/\/comunus.ch\/de\/datenschutzrichtlinie\/"]}]},{"@type":"BreadcrumbList","@id":"https:\/\/comunus.ch\/de\/datenschutzrichtlinie\/#breadcrumb","itemListElement":[{"@type":"ListItem","position":1,"name":"Home","item":"https:\/\/comunus.ch\/de\/"},{"@type":"ListItem","position":2,"name":"Datenschutzrichtlinie"}]},{"@type":"WebSite","@id":"https:\/\/comunus.ch\/#website","url":"https:\/\/comunus.ch\/","name":"Comunus","description":"Fonds pour investisseurs qualifiés","publisher":{"@id":"https:\/\/comunus.ch\/#organization"},"potentialAction":[{"@type":"SearchAction","target":{"@type":"EntryPoint","urlTemplate":"https:\/\/comunus.ch\/?s={search_term_string}"},"query-input":{"@type":"PropertyValueSpecification","valueRequired":true,"valueName":"search_term_string"}}],"inLanguage":"de"},{"@type":"Organization","@id":"https:\/\/comunus.ch\/#organization","name":"Comunus","url":"https:\/\/comunus.ch\/","logo":{"@type":"ImageObject","inLanguage":"de","@id":"https:\/\/comunus.ch\/#\/schema\/logo\/image\/","url":"https:\/\/comunus.ch\/wp-content\/uploads\/2023\/07\/logo-comunus.svg","contentUrl":"https:\/\/comunus.ch\/wp-content\/uploads\/2023\/07\/logo-comunus.svg","width":190,"height":26,"caption":"Comunus"},"image":{"@id":"https:\/\/comunus.ch\/#\/schema\/logo\/image\/"}}]}</script>
<!-- / Yoast SEO plugin. -->

Erklärung zum Datenschutz Der Schutz Ihrer persönlichen Daten ist für Comunus sehr wichtig. Ihre Daten werden in Übereinstimmung mit den [&hellip;]

Fonds pour investisseurs qualifiés
